when 1592 is divided by 33?
8
What is the remainder when 458 is divided by 14?
10
What is the remainder when 733 is divided by 245?
243
What is the remainder when 370 is divided by 13?
6
Calculate the remainder when 835 is divided by 9.
7
Calculate the remainder when 57 is divided by 20.
17
What is the remainder when 226 is divided by 81?
64
Calculate the remainder when 20 is divided by 6.
2
Calculate the remainder when 772 is divided by 37.
32
Calculate the remainder when 341 is divided by 8.
5
What is the remainder when 9976 is divided by 24?
16
Calculate the remainder when 1711 is divided by 448.
367
Calculate the remainder when 347 is divided by 13.
9
Calculate the remainder when 45 is divided by 15.
0
What is the remainder when 478 is divided by 158?
4
Calculate the remainder when 88 is divided by 30.
28
What is the remainder when 4122 is divided by 1030?
2
What is the remainder when 22877 is divided by 44?
41
What is the remainder when 95 is divided by 9?
5
What is the remainder when 114 is divided by 87?
27
What is the remainder when 3712 is divided by 287?
268
What is the remainder when 62 is divided by 22?
18
Calculate the remainder when 14060 is divided by 287.
284
What is the remainder when 47 is divided by 38?
9
Calculate the remainder when 363 is divided by 83.
31
Calculate the remainder when 107 is divided by 27.
26
Calculate the remainder when 35 is divided by 20.
15
Calculate the remainder when 759 is divided by 197.
168
What is the remainder when 59 is divided by 21?
17
Calculate the remainder when 242 is divided by 31.
25
Calculate the remainder when 109 is divided by 55.
54
What is the remainder when 1099 is divided by 25?
24
What is the remainder when 124 is divided by 8?
4
What is the remainder when 68 is divided by 28?
12
Calculate the remainder when 552 is divided by 15.
12
Calculate the remainder when 182 is divided by 26.
0
Calculate the remainder when 316 is divided by 60.
16
Calculate the remainder when 73 is divided by 37.
36
Calculate the remainder when 149 is divided by 28.
9
Calculate the remainder when 13625 is divided by 33.
29
Calculate the remainder when 24 is divided by 7.
3
What is the remainder when 268 is divided by 35?
23
Calculate the remainder when 450 is divided by 192.
66
Calculate the remainder when 3568 is divided by 35.
33
What is the remainder when 1858 is divided by 371?
3
Calculate the remainder when 638 is divided by 23.
17
Calculate the remainder when 544 is divided by 172.
28
Calculate the remainder when 3937 is divided by 127.
0
What is the remainder when 1355 is divided by 24?
11
What is the remainder when 1176 is divided by 583?
10
Calculate the remainder when 35 is divided by 22.
13
Calculate the remainder when 89 is divided by 27.
8
What is the remainder when 709 is divided by 19?
6
Calculate the remainder when 106 is divided by 12.
10
Calculate the remainder when 397 is divided by 117.
46
What is the remainder when 358 is divided by 34?
18
Calculate the remainder when 142 is divided by 50.
42
Calculate the remainder when 2466 is divided by 189.
9
Calculate the remainder when 156 is divided by 33.
24
What is the remainder when 24 is divided by 4?
0
What is the remainder when 434 is divided by 44?
38
Calculate the remainder when 179 is divided by 13.
10
What is the remainder when 591 is divided by 37?
36
What is the remainder when 113 is divided by 19?
18
Calculate the remainder when 169 is divided by 48.
25
Calculate the remainder when 1580 is divided by 28.
12
Calculate the remainder when 429 is divided by 51.
21
What is the remainder when 2569 is divided by 32?
9
What is the remainder when 1988 is divided by 3?
2
What is the remainder when 236 is divided by 134?
102
What is the remainder when 84 is divided by 15?
9
Calculate the remainder when 64 is divided by 11.
9
What is the remainder when 116 is divided by 15?
11
Calculate the remainder when 221 is divided by 108.
5
What is the remainder when 2613 is divided by 42?
9
What is the remainder when 3247 is divided by 28?
27
What is the remainder when 41 is divided by 6?
5
What is the remainder when 2308 is divided by 9?
4
What is the remainder when 1175 is divided by 24?
23
What is the remainder when 2248 is divided by 368?
40
What is the remainder when 301 is divided by 73?
9
What is the remainder when 3314 is divided by 8?
2
What is the remainder when 839 is divided by 70?
69
What is the remainder when 173 is divided by 89?
84
Calculate the remainder when 2661 is divided by 881.
18
What is the remainder when 123 is divided by 62?
61
Calculate the remainder when 234 is divided by 17.
13
Calculate the remainder when 8 is divided by 8.
0
What is the remainder when 434 is divided by 5?
4
What is the remainder when 265 is divided by 215?
50
Calculate the remainder when 184 is divided by 33.
19
What is the remainder when 1161 is divided by 378?
27
Calculate the remainder when 128 is divided by 54.
20
What is the remainder when 175 is divided by 41?
11
What is the remainder when 125 is divided by 45?
35
Calculate the remainder when 22 is divided by 3.
1
What is the remainder when 5805 is divided by 12?
9
What is the remainder when 32 is divided by 5?
2
Calculate the remainder when 162 is divided by 34.
26
What is the remainder when 9 is divided by 7?
2
What is the remainder when 207 is divided by 6?
3
Calculate the remainder when 215 is divided by 74.
67
What is the remainder when 4713 is divided by 105?
93
What is the remainder when 7679 is divided by 160?
159
What is the remainder when 111 is divided by 36?
3
Calculate the remainder when 257 is divided by 239.
18
What is the remainder when 1536 is divided by 21?
3
What is the remainder when 398 is divided by 3?
2
Calculate the remainder when 152 is divided by 53.
46
Calculate the remainder when 31 is divided by 3.
1
Calculate the remainder when 116 is divided by 92.
24
Calculate the remainder when 413 is divided by 9.
8
Calculate the remainder when 665 is divided by 9.
8
Calculate the remainder when 239 is divided by 217.
22
Calculate the remainder when 623 is divided by 18.
11
What is the remainder when 4619 is divided by 60?
59
Calculate the remainder when 4626 is divided by 578.
2
What is the remainder when 169 is divided by 44?
37
What is the remainder when 667 is divided by 92?
23
What is the remainder when 10961 is divided by 215?
211
Calculate the remainder when 42 is divided by 16.
10
What is the remainder when 542 is divided by 17?
15
Calculate the remainder when 163 is divided by 41.
40
Calculate the remainder when 2983 is divided by 29.
25
Calculate the remainder when 1117 is divided by 141.
130
What is the remainder when 283 is divided by 146?
137
Calculate the remainder when 14100 is divided by 239.
238
Calculate the remainder when 3791 is divided by 24.
23
What is the remainder when 96 is divided by 7?
5
Calculate the remainder when 305 is divided by 73.
13
Calculate the remainder when 307 is divided by 241.
66
Calculate the remainder when 14398 is divided by 10.
8
Calculate the remainder when 557 is divided by 36.
17
What is the remainder when 731 is divided by 91?
3
What is the remainder when 463 is divided by 117?
112
Calculate the remainder when 109 is divided by 19.
14
What is the remainder when 2729 is divided by 42?
41
What is the remainder when 309 is divided by 103?
0
Calculate the remainder when 3310 is divided by 9.
7
Calculate the remainder when 2972 is divided by 2966.
6
What is the remainder when 591 is divided by 16?
15
What is the remainder when 7239 is divided by 20?
19
What is the remainder when 144 is divided by 41?
21
Calculate the remainder when 97 is divided by 20.
17
What is the remainder when 1342 is divided by 28?
26
What is the remainder when 493 is divided by 172?
149
What is the remainder when 171 is divided by 43?
42
What is the remainder when 5069 is divided by 35?
29
What is the remainder when 288 is divided by 96?
0
What is the remainder when 163 is divided by 56?
51
Calculate the remainder when 194 is divided by 30.
14
Calculate the remainder when 58 is divided by 12.
10
What is the remainder when 12198 is divided by 20?
18
Calculate the remainder when 431 is divided by 115.
86
What is the remainder when 316 is divided by 75?
16
Calculat